.
0
(-19 - (5 + -3)) + 6 + 6 + 0
-9
Evaluate (7 - 1) + -7 + -4 + -8 - -4.
-9
Evaluate (-3 - 3) + 17 + -9 - 8.
-6
Calculate -5 + -2 - (-12 + -3 - (-93 + 82)).
-3
Calculate 78 + -84 + 12 + 2.
8
What is the value of 12 + 5 + -28 - -1 - (-1 + 2)?
-11
What is the value of -6 + 1 + 4 + -3 + (-124 - -106)?
-22
Calculate 11 + 0 - (17 + 30 - 43).
7
What is the value of -26 + -12 - -61 - 6?
17
What is -8 + -2 + 4 + 2 + 7?
3
(18 - (39 - 14) - -2) + (2 - -1)
-2
Calculate (15 - 16) + -6 - (-2 - 6) - -12.
13
What is -6 + 21 + (3 - (3 - -2))?
13
What is the value of (-36 + -2 - -32) + 12 + -1?
5
What is 1 + 8 + (-16 - -27) + -8?
12
Evaluate 0 + -3 + 6 + 1 - (4 + -8).
8
-9 - ((-5 - -15) + -4) - 1
-16
What is 35 + -28 + 29 + -14?
22
What is the value of -19 + (3 - 1) + (-76 - -43) + 21?
-29
15 + -6 + -2 + -2 + -11
-6
Evaluate (10 + (-8 + 5 - 9) - -7) + 7.
12
What is 21 - ((-2 - 3) + -37 + 46)?
17
What is the value of -71 - (-5 - -51 - 93)?
-24
What is (-3 - ((20 - 19) + (0 - -2))) + 9?
3
What is 7 - ((-2 - -5) + 4 + -9 + 20)?
-11
Calculate 0 - -3 - (23 + (-9 - -3) - 6).
-8
What is the value of (0 - -24) + 173 + -189?
8
Calculate 124 + -121 + 2 + 0 + -14 - 10.
-19
Evaluate 17 - 27 - (-5 - (-3 + 1)) - -17.
10
5 + (-1 - -3 - (-63 + 58))
12
What is the value of (-4 - -31) + -35 - (0 - 0 - 0)?
-8
What is the value of -14 + -8 + 3 + 12?
-7
Calculate 16 + -10 + (5 - (-5 + -5) - -2).
23
What is the value of -9 + 0 + 84 + -68?
7
Evaluate 14 + -6 + -47 + 51.
12
Evaluate (0 - -2) + 28 + (426 - 434).
22
Calculate -10 - (24 + 12 + -31).
-15
Evaluate 1 - ((457 - 451) + 1 + 1 + -1).
-6
8 + 17 + -8 + -5
12
What is the value of -6 - (-6 + -8 + -6)?
14
What is the value of (-3 - 3) + -9 + 27?
12
Evaluate -34 + -15 + 17 + 19.
-13
What is the value of (4 - 0) + -158 + 132?
-22
What is the value of -47 + 48 + 3 + 9?
13
6 - ((17 - 35) + 13)
11
What is -6 + 3 + 109 + -101?
5
What is (0 - 0) + (35 - 42)?
-7
What is the value of -1 + 3 - (360 - 362)?
4
What is the value of 4 - (4 - (-6 - (-8 - 2)))?
4
Calculate 14 - (-17 - -13) - (8 - 25).
35
Calculate -26 - (-70 + 62 - (2 - 0)).
-16
Calculate 5 - (12 - (-12 + 13)).
-6
What is 7 - (4 + 11 + -14 + -18)?
24
Calculate 1 + (0 - -1) - 6 - (17 + -14).
-7
What is the value of (-4 - -2) + 23 - (85 + -79)?
15
Evaluate (-8 + (11 - (5 + -5)) - 9) + 21.
15
Evaluate 2 + -8 + (31 - 21).
4
What is the value of (-13 - -1) + 2 + -2 - (95 + -97)?
-10
What is the value of 12 - (12 + (7 - (-8 + 25)))?
10
Evaluate -1 - (-9 - (-11 + 19)).
16
Evaluate 8 + 6 + (-14 - 1) + 2 + 8.
9
What is -28 - -19 - -1 - (-3 + 0)?
-5
What is the value of -2 + -7 + 18 + -3 + -5 + 2?
3
-7 + -2 + -7 + (7 - -9)
0
Evaluate 10 + -3 + -25 + (52 - 39).
-5
Evaluate -7 + 0 - (14 + -20 - (-2 + -1)).
-4
What is (8 - 0) + -9 + -2 - (16 - 7)?
-12
Evaluate 18 + (45 - 22 - 26).
15
(-9 - -2) + -37 + 48
4
Calculate (10 - 5 - 1) + (4 - 4).
4
19 + -14 + -10 + -4 + (-3 - -5)
-7
What is 17 + (-12 - 1) + 1?
5
Calculate -8 + (-6 - (-9 + 0)) + 2 + 26.
23
Calculate 13 + -22 + 12 + (-22 - 1).
-20
Evaluate -37 - (-41 - (3 + 11)).
18
Calculate -6 + (5 + 5 - 6) - 5 - 1.
-8
What is (-4 - (-7 - 12 - -6)) + 3?
12
-8 + (147 + -138 - (6 + 1))
-6
What is 87 - 79 - (1 + 1)?
6
Calculate 17 + 1 + (7 - 5 - 6) + -2.
12
What is the value of 0 + (-1 - (-16 - -19 - (4 + -2)))?
-2
What is -13 + 1 - (-681 + 635)?
34
Calculate (-5 - 9) + 210 + -222.
-26
What is the value of 37 - 31 - ((-7 - -20) + (1 - 2))?
-6
-1 + 8 + 0 - (522 - 512)
-3
Calculate -1 - -6 - (-4 - (-26 + -13 + 29)).
-1
Evaluate 16 + -15 + (-9 + 11 - 10).
-7
16 + -18 + (-13 - -26)
11
Calculate (1 - -1) + -2 + 1 + 171 + -183.
-11
Calculate 2 + 11 + (3 - 14) + -6.
-4
What is the value of 1 - (-6 + 6 + (-12 - -14))?
-1
Evaluate (22 - 11) + 3 + 2.
16
What is 20 + -21 + 8 + -7 + 9?
9
4 + 11 + -45 - (-10 + 0)
-20
-3 + -6 + 11 + (-3 - -2) + 3
4
Evaluate -132 + 152 - (0 + 1 + (10 - 4)).
13
Calculate (16 - 0) + -76 + 41 + 38.
19
4 + -5 - (13 + -4)
-10
What is the value of (-5 - (4 - -7 - 28)) + -40?
-28
Evaluate 24 - (-3 - -6) - (29 + -21).
13
Evaluate 2 + -7 + 0 + 889 + -907.
-23
-196 + 198 + (-19 - -2)
-15
What is 1 + -2 + 3 - (5 - 10 - -8)?
-1
Calculate -19 + 23 - ((2 - 2) + 12) - 0.
-8
What is the value of 29 + 7 + -18 + (8 - 4) + -12?
10
4 + (1 + 9 - (-9 - -11))
12
-2 + -4 - (4 - (-2 - -8 - 6))
-10
(25 - (-32 + 7)) + -19
31
What is 47 + (-18 - 35) - (3 + (2 - 1))?
-10
What is (2 + 0 - 3) + 10 + (-12 - 1)?
-4
Calculate 6 + -2 + 4 + (-13 - -16) + -28.
-17
Evaluate (1 - 4 - (2 - 2)) + -136 + 130.
-9
What is 31 + (-26 - 32) + 27?
0
Calculate -8 - (5 + (-4 - -1) - (3 - 0)).
-7
What is the value of -24 + 13 + -12 + 34?
11
9 - (-7 - -24 - 8 - (22 + 14))
36
What is the value of -11 - (43 + -23 + -63)?
32
What is 14 + -6 - ((9 - (11 - -1)) + 30)?
-19
What is the value of (-18 - -4) + (-10 - -17)?
-7
-40 + 34 + (9 - 6)
-3
What is (439 - 462) + 26 + 1?
4
Evaluate -2 + -13 + (-6 + -2 - -41).
18
Calculate -5 + -17 + (-8 - -29).
-1
What is the value of -8 + 11 + -17 + 7 - (0 + -5)?
-2
What is the value of -15 - (-9 - (-3 - -33) - 0)?
24
Evaluate -20 - (-10 - (7 - 4)) - (0 - 2).
-5
What is the value of 274 + -295 + (-18 - -4)?
-35
Evaluate 18 + -2 + -1 + (275 - 308).
-18
Calculate 4 + 0 + 7 + -30 + -4 + 17.
-6
Evaluate (16 - 9 - -24) + -11 + -1.
19
What is the value of (2 - (-11 - (-2 - 2))) + -4 - 20?
-15
Calculate -2 - (-11 - -1) - ((13 - 2) + 12).
-15
What is the value of -16 + (-36 - -18) + 17?
-17
What is -9 - -8 - 3 - (-30 + 3)?
23
What is -3 - ((-10 - (-9 + 1)) + -5) - 7?
-3
What is 1 - -2 - ((21 - (2 - -7)) + 20)?
-29
What is the value of -129 + 119 + (-2 + -1 - -3) + 1?
-9
Calculate 10 + (-13 - -1) - -20.
18
What is the value of 29 + -57 - -40 - -16?
28
Calculate -5 - -33 - 0 - (13 + -11 + -1).
27
What is the value of 9 + (14 - 8 - 10) + -7?
-2
Calculate (10 - -21 - 33) + -8 + -1.
-11
What is 2 + -16 + 19 + -6 + (-1 - 2)?
-4
Calculate 21 - (-5 - (-3 + (-9 - -11))).
25
Calculate -17 + (-2 - 1) + (-34 - -37).
-17
What is (25 - 15) + -13 + 7?
4
Calculate (20 - 9) + 14 - (-5 - -12).
18
What is -4 - (-1 + -13) - (13 + -10 + -6)?
13
Calculate (30 - (26 - -4)) + (1 - -6).
7
0 - (43 + -89 + 40)
6
What is (0 - -1) + (7 - 4)?
4
Evaluate 10 + 1 + 9 + -4 + -1.
15
Calculate -48 - -28 - (-2 - 17).
-1
What is the value of -146 - -178 - (2 + 1 - (1 - 5))?
25
Evaluate 6 + -20 + 7 + 2 + 6.
1
Calculate (29 - (14 - 29)) + -61.
-17
What is 0 + 10 + (125 - 108)?
27
-3 - 1 - (10 - (-5 + 18))
-1
Evaluate (-14 - -9 - -10 - (-1 + 0)) + -9.
-3
Evaluate (0 - 24) + 53 + -55.
-26
Evaluate 1 + (2 + -7 + 5 - -5) - 9.
-3
Calculate -5 + 17 + (-53 - -22).
-19
(20 - 17 - 4) + -8
-9
-25 - -14 - (1 + -7)
-5
(1 - 4) + (16 + 0 - 8) + -10
-5
Evaluate -17 - -1 - (11 + 4 + -9 + -1).
-21
What is the value of 2 - 2 - (-32 + 39 + -5 + -1)?
-1
Calculate 10 + -18 + 1 - (-8 - -31 - 4).
-26
(-10 + 2 - 10) + 14
-4
What is the value of -26 + 28 + -12 + 2 - (-2 - 2)?
-4
Calculate (2 - 0) + -71 + (-19 - -98).
10
What is (-9 - -9) + -2 - 6?
-8
What is -12 + (-13 - (-7 - 22))?
4
Evaluate -1 + (7 - (8 - 1)) + -2 + -5.
-8
4 + (-11 - (6 + (3 - 5) - 4))
-7
What is (2 + (-4 - -12) + -2 - 18) + 10?
0
What is the value of (-28 - -5) + 34 + -1 + 8?
18
Calculate 4 + (-2 - -4) - (25 + (-38 - -19)).
0
6 + -20 + -1 + -7 + 10
-12
What is the value of (16 - 16) + 0 + 1?
1
What is the value of -13 + (2 + -9 + 1 - (-151 + 143))?
-11
4 + (-34 - -73) + -69
-26
What is the value of -11 + 46 + (-12 - (1 - 11)) + 1?
34
Calculate 20 + (-14 - 14) - (-3 + -1).
-4
What is -8 + 9 + -7 - (-2 + (0 - -2))?
-6
Calculate (0 - 0) + (-8 + 17 - 17 - -1).
-7
Evaluate 181 - 191 - (-4 + 4 - (0 + 5)).
-5
Evaluate (-152 - -178) + 0 + -9 + -4.
13
Evaluate (-39 - -46) + (-5 - 5).
-3
(-4 + 2 - 16) + (-32 - -28 - -11)
-11
What is (-14 + 15 - 2) + (8 - -3)?
10
Evaluate 7 - (-7 - (-4 + (-1 - (1 - 3)))).
11
-1 + -22 - (-130 - -96)
11
What is the value of 3 - (0 + 4) - (54 + -55)?
0
What is the value of -13 + -19 + 46 + 5 + -1?
18
What is -15 - (-13 + (10 - 6))?
-6
What is -8 - (-22 - (18 + -51))?
-19
(0 - 5) + -199 + 186 - 6
-24
(193 - 182 - (-3 + -1 + 3)) + 0
12
What is 12 + 2 + 0 - (-322 + 326)?
10
Calculate -24 + 25 + 4 - (-5 + 2 - -5).
3
What is the value of (-18 - -12 - (0 - 2)) + 17 + -21?
-8
Calculate 4 - (3 + -3 - 1 - (-14 + 3)).
-6
Evaluate 4 - (-25 -